is the tens digit of (1/1)/(j*2/114)?
5
Let w(n) be the third derivative of n**5/60 - 7*n**4/24 + 7*n**3/3 - 17*n**2. Let k be w(6). Suppose -240 - k = -4*t. What is the tens digit of t?
6
Let c(g) = 10*g - 438. Let q(t) = -6*t + 292. Let b(a) = 5*c(a) + 7*q(a). What is the tens digit of b(31)?
0
Let i(a) = a**3 - 21*a**2 - 35*a - 63. Let k be i(29). Suppose 5*j - 3*q = -0*j + 5640, -5*j + k = -q. What is the tens digit of j?
3
Let o(z) = 2*z**2 - 28*z + 34. Let t(a) = -a**2 + 29*a - 119. Let x be t(22). What is the thousands digit of o(x)?
1
Suppose 3*x - 5*m = 6, -x + 0*m - 15 = 4*m. What is the hundreds digit of ((-25)/(-10))/(x/(-786))?
6
Let y = -17822 - -36952. What is the ten thousands digit of y?
1
Suppose -1024*g + 1014*g + 60740 = 0. What is the hundreds digit of g?
0
What is the hundreds digit of 12243 - 5*60/25?
2
Let f = 710 - 373. Let t = 616 - f. What is the units digit of t?
9
Suppose 8*j - 4 = 3*j + 4*b, 0 = -5*b + 20. Let u be j - (103 - 0/2). What is the tens digit of 1/(-1)*(-4 + 5) - u?
9
Suppose -17172 = 80*i - 133*i. What is the units digit of i?
4
Suppose -5*u - 37 = j, -33*j + 29*j - 53 = u. What is the units digit of 48/72*j/2 + 1167?
3
Let a = -27741 + 47117. What is the thousands digit of a?
9
Suppose -t - 5*z + 242 = 0, -4*t + 5*z = -0*t - 918. What is the hundreds digit of 6/((-72)/(-39))*t?
7
Let m be ((70/12)/7)/(12/72). Suppose -m*w + 1608 = 4*z, 25*w - 2*z + 1604 = 30*w. What is the units digit of w?
0
Suppose -20*q - 219 + 79 = 0. Let n(z) = -123*z + 62. What is the hundreds digit of n(q)?
9
Let n(v) = -5*v**3 - 36*v**2 + 17*v + 19. Let z be n(-12). Suppose -17809 - z = -17*o. What is the units digit of o?
0
Let i = -36 - -41. Suppose -4*n = 3*d - 74, -2*n = 3*n + i*d - 90. Suppose -n = 4*o, -3*r - 53 = 5*o - 262. What is the units digit of r?
8
Suppose -5*b + 3*j = -289726, 2*j = 5*b - 114303 - 175431. What is the units digit of b?
0
Suppose 5*v - 3606 = g - 5*g, -3*v + 3*g = -2169. What is the units digit of -1 + v/5 + 4/(-10)?
3
Let u(k) = -11*k**2 - 7*k - 23. Let b(l) = 58*l**2 + 36*l + 115. Let j(o) = -2*b(o) - 11*u(o). What is the tens digit of j(-10)?
7
Let j(k) = k**3 + 21*k**2 + k + 16. Let m be j(-21). Let w be (-3)/5 - m/((-25)/62). Let h(r) = -r**2 - 28*r - 18. What is the tens digit of h(w)?
7
What is the hundreds digit of ((-21)/12 - -2)/((-66)/(-501864))?
9
Let h be ((-52)/(-8))/(((-4)/136)/(-1)). Let y = h - 430. Let a = 426 + y. What is the tens digit of a?
1
Suppose -5*o - 3*z = -1219 + 424, -2*o + z + 329 = 0. Suppose 5*h - 405 = -0*h. Let c = o - h. What is the tens digit of c?
8
Let r = -5 + 10. Let l(h) = -8*h**2 - 112*h + 4. Let w be l(-14). Suppose 0 = 3*k + 4*b - 202, w*k - 8*k + 268 = r*b. What is the units digit of k?
2
Let m = 314 + -312. Suppose -m*z + 876 = j, 15*z + 1753 = 2*j + 20*z. What is the hundreds digit of j?
8
Let y be ((-4)/(-4))/(-3)*0. Suppose -o + u - 17 = 0, -36 = 2*o - y*u - u. Let k = 5 - o. What is the tens digit of k?
2
Let c = -510 - -536. Suppose -c*i + 2060 = -22*i. What is the tens digit of i?
1
Let g(k) = 3*k**2 - 106*k + 698. What is the tens digit of g(38)?
0
Let k(c) be the first derivative of -3*c**2/2 + 37*c - 100. Suppose -5*z = 3 + 7, -5*z = 4*b + 42. What is the units digit of k(b)?
1
Let u(b) = b - 29. Let p be u(21). Let a be (-4936)/56 + (-2)/(-14). Let r = p - a. What is the units digit of r?
0
Let z(r) = r**3 + r**2 + 15*r + 860. Suppose -3*c - 3*c = c. What is the tens digit of z(c)?
6
Let m = -7852 + 8092. What is the hundreds digit of m?
2
Suppose 0 = 48*t - 1062427 + 29275. What is the tens digit of t?
2
Let o = -42 + 42. Suppose -6*f + 72 = -o*f. What is the tens digit of (-15)/20 + 3 + 693/f?
6
Let y = -5 - 2. Let m(h) be the first derivative of h**4/4 + 10*h**3/3 - h**2 - 13*h - 164. What is the hundreds digit of m(y)?
1
Let g(l) = -l**2 - 2*l - 1. Let w(r) = -r**3 + 26*r**2 + 26*r - 26. Let v(q) = -6*g(q) - w(q). What is the units digit of v(22)?
2
Let r = 4634 - -1899. What is the thousands digit of r?
6
Let h(b) = 6*b**2 + 4*b - 2. Let r be h(4). Let d be (8/(-12))/(2/6) + r. Suppose -2*v - 284 = -3*p, -2*v = 3*p - 2*p - d. What is the tens digit of p?
9
Suppose -13 - 26 = 3*s. Let i be (-5 - 0/(-4))*(3 + s). Suppose i*g - 258 = 48*g. What is the hundreds digit of g?
1
Let u(z) be the third derivative of -z**6/20 - z**5/30 + 5*z**4/8 + z**3/3 + 10*z**2. What is the tens digit of u(-4)?
9
Suppose 20 = -2*r + 4*q, -4*r + 9*r + 2*q = 10. Let g be (-3)/(-1) + (-1 - 3) - r. What is the tens digit of (-21 + -28)*g*1?
4
Let a be ((-1 - -1) + 1)*0. Let w be (-3)/15*a + 0 + 2. Let o = 20 - w. What is the tens digit of o?
1
Let i(y) = -y**3 - 24*y**2 + 23*y - 46. Suppose -11*n = -9*n + 50. Let o be i(n). Suppose -v - 2*l + 57 = -6*l, -o*v + 152 = 3*l. What is the tens digit of v?
4
Suppose 4*c + 1464 = 5*h, 0 = -3*h + c - 5*c + 904. Suppose -3*v - h = -1883. What is the tens digit of v?
2
Let j(z) = -1881*z**3 + 81*z**2 + 240*z - 27. What is the tens digit of j(-3)?
6
Suppose 4*v + 4*z = 18784, -z - 22684 - 766 = -5*v. What is the units digit of v?
1
Suppose 4*b - 12*g - 251 = -13*g, b + 2*g - 68 = 0. Suppose b*z + 45246 = 145314. What is the thousands digit of z?
1
Let m(a) = 7*a**2 - 107*a + 1226. What is the units digit of m(66)?
6
Suppose 8*g + 133218 = 26*g + 9*g. What is the units digit of g?
4
Let s(c) = 8*c + 241. Let z(i) = 3*i + 81. Let w(r) = 6*s(r) - 17*z(r). What is the units digit of w(10)?
9
Let j = -17182 + 43258. What is the ten thousands digit of j?
2
Let h(v) = -20*v - 6. Let f be h(3). What is the units digit of (-2)/(-11) + 342/f - -176?
1
Suppose -58*m = -23*m - 33*m - 63982. What is the units digit of m?
1
Let q(r) = -2559*r - 427. What is the units digit of q(-6)?
7
Suppose -10*p - 7971 = -12*p + n, 0 = 3*p - 2*n - 11958. Suppose p = -11*o + 27*o. What is the tens digit of o?
4
Let s be (-1101)/15 + 0 - 2/(-5). Let c = 68 + s. What is the hundreds digit of (-3)/c - ((-1514)/10 + 4)?
1
What is the hundreds digit of (37 + -34)*45993/3?
9
Suppose -4*i - 40846 = -6*w, 4*i = -5*w + 11440 + 22569. What is the thousands digit of w?
6
Suppose 625 = 4*l + l. Suppose 5*y = 5*v + 2715, -1190 = -2*y - 5*v - l. What is the tens digit of y?
4
Let s(r) = 30*r - 18. Suppose -4*y + 55 + 35 = -2*j, 20 = -j - 3*y. Let g = j + 39. What is the hundreds digit of s(g)?
1
Suppose 45*t - 746642 - 127919 - 80609 = 0. What is the hundreds digit of t?
2
Suppose -4*v + 6 = -v, 5*v = 2*q + 4. Suppose -5*p = -3*h - 3287, 14*h + 1969 = q*p + 13*h. What is the hundreds digit of p?
6
Suppose 13*d + 6*d - 68288 = -3*d. What is the units digit of d?
4
Let z be (-1)/(-2)*(-9)/63*0. Suppose z = 47*r - 36*r - 4851. What is the tens digit of r?
4
What is the thousands digit of (85/(-68))/((-3)/3288)?
1
Suppose -182*s = -172*s - 9390. What is the tens digit of s?
3
Let r(p) be the third derivative of p**5/3 - p**4/8 - 3*p**3/2 + 10*p**2. Let t be r(-4). Suppose 3*l + 104 = t. What is the tens digit of l?
7
Let c be 129/15 - 12/(-30). Suppose -18 = c*n - 6*n. Let i = n - -18. What is the units digit of i?
2
Let c be (-4)/(-10) + -8 + (-288)/(-30). Suppose 2*v - c*w - 2642 = 0, 5*v + 5*w - 5560 = 1065. What is the units digit of v?
3
Let h = 6251 + -4426. What is the units digit of ((-9)/5)/((-5)/h) - -4?
1
Let s(k) = k**3 + 7*k**2 + 7*k - 2. Let i be s(-4). Let f(o) = 13*o + 19 - 23*o - i*o + 0*o. What is the tens digit of f(-8)?
4
Let s be (1040/12 + 6)/((-1)/3). Let k = s + 398. What is the units digit of k/(-28) + 4 + (-233)/(-7)?
3
Suppose -468117 = -31*r + 682255 + 281735. What is the ten thousands digit of r?
4
Suppose -13 = 3*z + 11. Let j = z + 9. What is the tens digit of ((-198)/45)/(j/(-10))?
4
Let s(m) be the first derivative of 12*m + m**2 + 4/3*m**3 + 36. What is the units digit of s(5)?
2
Let g(f) = -8 + 5*f - 3 - 2. Let s be g(15). What is the tens digit of s*1 + (-8)/(-4 - 0)?
6
Let l = 96002 - 33198. What is the ten thousands digit of l?
6
Suppose 16*v - 144 = 32. Suppose 0 = v*a + 5*a - 3920. What is the hundreds digit of a?
2
Let c = 260 + -145. Let j = c - 120. Let d(n) = -2*n**3 - 2*n**2 + 5*n + 6. What is the units digit of d(j)?
1
Let g = -54 - -58. Suppose -g*y = -19 - 29. Suppose -9*d + y*d - 9 = 0. What is the units digit of d?
3